{"id":876,"date":"2018-05-09T12:46:59","date_gmt":"2018-05-09T10:46:59","guid":{"rendered":"http:\/\/medizincontroller.ch\/?page_id=876"},"modified":"2025-08-12T14:27:27","modified_gmt":"2025-08-12T12:27:27","slug":"vorteile-mitgliedschaft","status":"publish","type":"page","link":"https:\/\/medizincontroller.ch\/?page_id=876","title":{"rendered":"Vorteile Mitgliedschaft"},"content":{"rendered":"<p>Eine Mitgliedschaft in der SGfM hat u.a. folgende Vorteile:<\/p>\n<ul>\n<li>Unkomplizierte Vernetzungsm\u00f6glichkeiten<\/li>\n<li>Aktiver Erfahrungsaustausch mit Mitglieder und Experten aus dem erweiterten Bereich des Medizincontrollings, Qualit\u00e4ts- und Spitalmanagements.<\/li>\n<li>Kostenloser Besuch der Fr\u00fchlingstagung und reduzierte Geb\u00fchr bei weiteren Tagungen, inkl. vollst\u00e4ndiger elektronischer Tagungsdokumentation<\/li>\n<li>Regelm\u00e4ssige Fortbildungsveranstaltungen mit fach-spezifischen Themen rund ums Medizincontrolling, DRG, Ambulante Tarife, REKOLE, Qualit\u00e4t, etc.<\/li>\n<li>Verbilligte Teilnahmem\u00f6glichkeiten anderer Veranstaltungen im Gesundheitswesen<\/li>\n<li>Internationaler Erfahrungsaustausch<\/li>\n<li>Interessengemeinschaft im Medizincontrolling t\u00e4tiger Berufsgruppen<\/li>\n<li>Anlaufstelle f\u00fcr Ihre Anliegen<\/li>\n<\/ul>\n","protected":false},"excerpt":{"rendered":"<p>Eine Mitgliedschaft in der SGfM hat u.a. folgende Vorteile: Unkomplizierte Vernetzungsm\u00f6glichkeiten Aktiver Erfahrungsaustausch mit Mitglieder und Experten aus dem erweiterten Bereich des Medizincontrollings, Qualit\u00e4ts- und Spitalmanagements. Kostenloser Besuch der Fr\u00fchlingstagung und reduzierte Geb\u00fchr bei weiteren Tagungen, inkl. vollst\u00e4ndiger elektronischer Tagungsdokumentation Regelm\u00e4ssige Fortbildungsveranstaltungen mit fach-spezifischen Themen rund ums Medizincontrolling, DRG, Ambulante Tarife, REKOLE, Qualit\u00e4t, etc. Verbilligte Teilnahmem\u00f6glichkeiten anderer Veranstaltungen\u2026 <span class=\"read-more\"><a href=\"https:\/\/medizincontroller.ch\/?page_id=876\">Read More &raquo;<\/a><\/span><\/p>\n","protected":false},"author":1,"featured_media":0,"parent":0,"menu_order":0,"comment_status":"closed","ping_status":"closed","template":"","meta":[],"_links":{"self":[{"href":"https:\/\/medizincontroller.ch\/index.php?rest_route=\/wp\/v2\/pages\/876"}],"collection":[{"href":"https:\/\/medizincontroller.ch\/index.php?rest_route=\/wp\/v2\/pages"}],"about":[{"href":"https:\/\/medizincontroller.ch\/index.php?rest_route=\/wp\/v2\/types\/page"}],"author":[{"embeddable":true,"href":"https:\/\/medizincontroller.ch\/index.php?rest_route=\/wp\/v2\/users\/1"}],"replies":[{"embeddable":true,"href":"https:\/\/medizincontroller.ch\/index.php?rest_route=%2Fwp%2Fv2%2Fcomments&post=876"}],"version-history":[{"count":4,"href":"https:\/\/medizincontroller.ch\/index.php?rest_route=\/wp\/v2\/pages\/876\/revisions"}],"predecessor-version":[{"id":3225,"href":"https:\/\/medizincontroller.ch\/index.php?rest_route=\/wp\/v2\/pages\/876\/revisions\/3225"}],"wp:attachment":[{"href":"https:\/\/medizincontroller.ch\/index.php?rest_route=%2Fwp%2Fv2%2Fmedia&parent=876"}],"curies":[{"name":"wp","href":"https:\/\/api.w.org\/{rel}","templated":true}]}}