{"id":341,"date":"2015-02-25T15:44:35","date_gmt":"2015-02-25T13:44:35","guid":{"rendered":"http:\/\/medizincontroller.ch\/?page_id=341"},"modified":"2016-06-20T14:29:43","modified_gmt":"2016-06-20T12:29:43","slug":"qualitaetsmedizin-schweiz-teil-iv-18-06-2015-kursaal-bern","status":"publish","type":"page","link":"https:\/\/medizincontroller.ch\/?page_id=341","title":{"rendered":"Qualit\u00e4tsmedizin Schweiz Teil IV, 18.06.2015, Kursaal Bern"},"content":{"rendered":"<p>Am 18. Juni 2015\u00a0fand die vierte Veranstaltung der Reihe Qualit\u00e4tsmedizin Schweiz unter dem Titel \u201eMit Quantit\u00e4t zur Qualit\u00e4t?!\u201c in den R\u00e4umlichkeiten des Kursaals Bern statt.<\/p>\n<p>Auch in der modernen Medizin bedeutet \u201cMehr\u201d nicht immer \u201cBesser\u201d! Ein Zuviel an medizinischen Leistungen und diagnostischen Abkl\u00e4rungen kann unerw\u00fcnschte Folgen f\u00fcr den Patienten haben oder ein unklarer (Zufalls-)Befund eine Reihe unn\u00f6tiger Folgeabkl\u00e4rungen nach sich ziehen. Wir m\u00f6chten abkl\u00e4ren, ob in der Schweiz unn\u00f6tige Medizin betrieben wird und wenn ja, bei welchen Leistungen bzw. Eingriffen besondere Vorsicht geboten ist. Sind hier nur operative (elektive) Wahleingriffe problematisch oder auch andere medizinische Angebote und Therapieformen?<\/p>\n<p>Zudem gehen wir der Frage nach, bei welchen Leistungen ein Zusammenhang zwischen der Zahl der behandelten Patienten und dem Erfolg einer Behandlung nachgewiesen werden kann. Wie sinnvoll ist die Forderungen von Mindestmengen und in welcher Weise k\u00f6nnen \u00f6ffentlich zug\u00e4ngliche Behandlungs- bzw. Fallzahlen Auskunft \u00fcber die jeweilige G\u00fcte der Versorgung geben?<\/p>\n<p><strong>Beteiligen Sie sich an der Fachdiskussion, um Quantit\u00e4t und Qualit\u00e4t der heutigen Medizin und helfen Sie uns das Thema auch aus Ihrer Perspektive zu beleuchten. Melden Sie sich noch heute bequem mit dem\u00a0<a href=\"http:\/\/www.qualitaetsmedizin.ch\/2014\/07\/02\/qualitatsmedizin-schweiz-teil-iv-juni-2015\/\" target=\"_blank\">Online-Formular <\/a>oder mit dem <a href=\"http:\/\/www.qualitaetsmedizin.ch\/wp-content\/uploads\/2015\/02\/150223_Programm_qmed_IV_website.pdf\" target=\"_blank\"><span style=\"color: #2a86ae;\">Anmeldetalon<\/span><\/a> an.<\/strong><\/p>\n<p>&nbsp;<\/p>\n<p>&nbsp;<\/p>\n","protected":false},"excerpt":{"rendered":"<p>Am 18. Juni 2015\u00a0fand die vierte Veranstaltung der Reihe Qualit\u00e4tsmedizin Schweiz unter dem Titel \u201eMit Quantit\u00e4t zur Qualit\u00e4t?!\u201c in den R\u00e4umlichkeiten des Kursaals Bern statt. Auch in der modernen Medizin bedeutet \u201cMehr\u201d nicht immer \u201cBesser\u201d! Ein Zuviel an medizinischen Leistungen und diagnostischen Abkl\u00e4rungen kann unerw\u00fcnschte Folgen f\u00fcr den Patienten haben oder ein unklarer (Zufalls-)Befund eine Reihe unn\u00f6tiger Folgeabkl\u00e4rungen\u2026 <span class=\"read-more\"><a href=\"https:\/\/medizincontroller.ch\/?page_id=341\">Read More &raquo;<\/a><\/span><\/p>\n","protected":false},"author":1,"featured_media":0,"parent":0,"menu_order":0,"comment_status":"closed","ping_status":"open","template":"","meta":[],"_links":{"self":[{"href":"https:\/\/medizincontroller.ch\/index.php?rest_route=\/wp\/v2\/pages\/341"}],"collection":[{"href":"https:\/\/medizincontroller.ch\/index.php?rest_route=\/wp\/v2\/pages"}],"about":[{"href":"https:\/\/medizincontroller.ch\/index.php?rest_route=\/wp\/v2\/types\/page"}],"author":[{"embeddable":true,"href":"https:\/\/medizincontroller.ch\/index.php?rest_route=\/wp\/v2\/users\/1"}],"replies":[{"embeddable":true,"href":"https:\/\/medizincontroller.ch\/index.php?rest_route=%2Fwp%2Fv2%2Fcomments&post=341"}],"version-history":[{"count":7,"href":"https:\/\/medizincontroller.ch\/index.php?rest_route=\/wp\/v2\/pages\/341\/revisions"}],"predecessor-version":[{"id":590,"href":"https:\/\/medizincontroller.ch\/index.php?rest_route=\/wp\/v2\/pages\/341\/revisions\/590"}],"wp:attachment":[{"href":"https:\/\/medizincontroller.ch\/index.php?rest_route=%2Fwp%2Fv2%2Fmedia&parent=341"}],"curies":[{"name":"wp","href":"https:\/\/api.w.org\/{rel}","templated":true}]}}