{"id":2597,"date":"2022-08-05T12:03:09","date_gmt":"2022-08-05T10:03:09","guid":{"rendered":"https:\/\/medizincontroller.ch\/?page_id=2597"},"modified":"2023-06-19T16:54:47","modified_gmt":"2023-06-19T14:54:47","slug":"fruehjahrestagung-der-sgfm-2023","status":"publish","type":"page","link":"https:\/\/medizincontroller.ch\/?page_id=2597","title":{"rendered":"SGfM Fr\u00fchjahrestagung 2023"},"content":{"rendered":"\n<hr class=\"wp-block-separator has-alpha-channel-opacity\"\/>\n\n\n\n<h3 id=\"ertragssteuerung-oder-medizinsteuerung-controlling-unter-swissdrg-tarpsy-und-st-reha\">Digitalisierungsprojekte: Controlling &amp; Medizinsteuerung ambulant und station\u00e4r <\/h3>\n\n\n\n<p><em><strong>Datum und Durchf\u00fchrung<\/strong><br><\/em>Die Fr\u00fchjahrestagung der SGfM fand am <strong>15. Juni 2023<\/strong> in der <strong>Unitobler <\/strong>in Bern statt.<\/p>\n\n\n\n<a class=\"maxbutton-1 maxbutton maxbutton-test\" target=\"_blank\" rel=\"nofollow noopener\" href=\"https:\/\/medizincontroller.ch\/wp-content\/uploads\/230515-Programm-SGfM-Fruehjahrsmeeting-2023-Uni-Tobler-Bern.pdf\" download=\"\"><span class='mb-text'>Programm<\/span><\/a>\n\n\n\n<div style=\"height:20px\" aria-hidden=\"true\" class=\"wp-block-spacer\"><\/div>\n\n\n\n<p><strong><em>Referate<\/em><\/strong><\/p>\n\n\n\n<ul><li>Elmira Far und Elke Mittendorf,&nbsp;<strong>Unispital Z\u00fcrich<\/strong>:<br><em><a rel=\"noreferrer noopener\" href=\"https:\/\/medizincontroller.ch\/wp-content\/uploads\/20230615_SGFM_DGMedco_WIP_final.pdf\" target=\"_blank\">Data Governance und Medizincontrolling im Unispital Z\u00fcrich<\/a><\/em><\/li><li>Stefan Neubert,&nbsp;<strong>Bundesamt f\u00fcr Statistik<\/strong>:<br><em><a rel=\"noreferrer noopener\" href=\"https:\/\/medizincontroller.ch\/wp-content\/uploads\/230615_SGfM_once_only_in_GesStatSpiges.pdf\" target=\"_blank\">Ausgestaltung der Pr\u00e4misse \u201cOnce-only\u201d im Rahmen der Gesundheitsstatistiken und dem Projekt SpiGes<\/a><\/em><\/li><li>Mario Pietrini,&nbsp;<strong>Kantonsspital Luzern<\/strong>&nbsp;und Harald Kohlmann,&nbsp;<strong>ID Suisse AG<\/strong>:<br><em><a rel=\"noreferrer noopener\" href=\"https:\/\/medizincontroller.ch\/wp-content\/uploads\/03_Digitalisierung-in-der-Codierung.pdf\" target=\"_blank\">Digitalisierung in der Codierung \u2013 Was steckt dahinter: Beispiel eines Projektes im LUKS<\/a><\/em><\/li><li>Stefan Lippitsch,&nbsp;<strong>Hochgebirgsklinik Davos<\/strong>&nbsp;und Carsten Birkner,&nbsp;<strong>inmed GmbH<\/strong>:<br><em><a rel=\"noreferrer noopener\" href=\"https:\/\/medizincontroller.ch\/wp-content\/uploads\/04_INMED.pdf\" target=\"_blank\">Tools f\u00fcr die Medizinsteuerung: Digitale Zukunft des Spitalmanagements<\/a><\/em><\/li><li>Dietmar Kr\u00e4mer,&nbsp;<strong>Kantonsspital Baselland<\/strong>:<br><em><a href=\"https:\/\/medizincontroller.ch\/wp-content\/uploads\/05_KSBL.pdf\" target=\"_blank\" rel=\"noreferrer noopener\">Robotic Process Automation am Beispiel der Roboter-unterst\u00fctzten Pflege von Stammdaten<\/a><\/em><\/li><li>Robert Meyer,&nbsp;<strong>MediData AG<\/strong>:<br><em><a rel=\"noreferrer noopener\" href=\"https:\/\/medizincontroller.ch\/wp-content\/uploads\/06_mediData.pdf\" target=\"_blank\">Vernetzung der Akteure: Moderne Zustellkan\u00e4le f\u00fcr den direkten Datenaustausch<\/a><\/em><\/li><\/ul>\n\n\n\n<div class=\"wp-container-3 wp-block-columns has-2-columns\">\n<div class=\"wp-container-1 wp-block-column\"><\/div>\n\n\n\n<div class=\"wp-container-2 wp-block-column\"><\/div>\n<\/div>\n","protected":false},"excerpt":{"rendered":"<p>Digitalisierungsprojekte: Controlling &amp; Medizinsteuerung ambulant und station\u00e4r Datum und Durchf\u00fchrungDie Fr\u00fchjahrestagung der SGfM fand am 15. Juni 2023 in der Unitobler in Bern statt. Referate Elmira Far und Elke Mittendorf,&nbsp;Unispital Z\u00fcrich:Data Governance und Medizincontrolling im Unispital Z\u00fcrich Stefan Neubert,&nbsp;Bundesamt f\u00fcr Statistik:Ausgestaltung der Pr\u00e4misse \u201cOnce-only\u201d im Rahmen der Gesundheitsstatistiken und dem Projekt SpiGes Mario Pietrini,&nbsp;Kantonsspital Luzern&nbsp;und Harald Kohlmann,&nbsp;ID Suisse\u2026 <span class=\"read-more\"><a href=\"https:\/\/medizincontroller.ch\/?page_id=2597\">Read More &raquo;<\/a><\/span><\/p>\n","protected":false},"author":7,"featured_media":0,"parent":0,"menu_order":0,"comment_status":"closed","ping_status":"closed","template":"","meta":[],"_links":{"self":[{"href":"https:\/\/medizincontroller.ch\/index.php?rest_route=\/wp\/v2\/pages\/2597"}],"collection":[{"href":"https:\/\/medizincontroller.ch\/index.php?rest_route=\/wp\/v2\/pages"}],"about":[{"href":"https:\/\/medizincontroller.ch\/index.php?rest_route=\/wp\/v2\/types\/page"}],"author":[{"embeddable":true,"href":"https:\/\/medizincontroller.ch\/index.php?rest_route=\/wp\/v2\/users\/7"}],"replies":[{"embeddable":true,"href":"https:\/\/medizincontroller.ch\/index.php?rest_route=%2Fwp%2Fv2%2Fcomments&post=2597"}],"version-history":[{"count":29,"href":"https:\/\/medizincontroller.ch\/index.php?rest_route=\/wp\/v2\/pages\/2597\/revisions"}],"predecessor-version":[{"id":2836,"href":"https:\/\/medizincontroller.ch\/index.php?rest_route=\/wp\/v2\/pages\/2597\/revisions\/2836"}],"wp:attachment":[{"href":"https:\/\/medizincontroller.ch\/index.php?rest_route=%2Fwp%2Fv2%2Fmedia&parent=2597"}],"curies":[{"name":"wp","href":"https:\/\/api.w.org\/{rel}","templated":true}]}}