{"id":1079,"date":"2019-03-18T12:23:10","date_gmt":"2019-03-18T10:23:10","guid":{"rendered":"http:\/\/medizincontroller.ch\/?page_id=1079"},"modified":"2019-09-02T09:43:46","modified_gmt":"2019-09-02T07:43:46","slug":"qualitaetsmedizin-schweiz-23-mai-2019","status":"publish","type":"page","link":"https:\/\/medizincontroller.ch\/?page_id=1079","title":{"rendered":"Qualit\u00e4tsmedizin Schweiz, 23. Mai 2019"},"content":{"rendered":"\n<h2>8. Tagung der Plattform Qualit\u00e4tsmedizin Schweiz<\/h2>\n\n\n\n<p><strong>F\u00fcr Qualit\u00e4t mehr bezahlen? &#8211;&nbsp;<\/strong><strong>Ist ein teures Gesundheitswesen immer besser?<\/strong><\/p>\n\n\n\n<p><em>Donnerstag, 23. Mai 2019<\/em><br><em>Szenario Kursaal Bern<\/em><\/p>\n\n\n\n<p><a href=\"http:\/\/www.qualitaetsmedizin.ch\/veranstaltung-2019\/\">Programm und Details<\/a><\/p>\n\n\n\n<div class=\"wp-block-file\"><a href=\"https:\/\/medizincontroller.ch\/wp-content\/uploads\/clinicum-2019-qualita\u0308tsmedizin-1.pdf\" target=\"_blank\" rel=\"noreferrer noopener\">clinicum, Ausgabe 4\/19<\/a><a href=\"https:\/\/medizincontroller.ch\/wp-content\/uploads\/clinicum-2019-qualita\u0308tsmedizin-1.pdf\" class=\"wp-block-file__button\" download>Herunterladen<\/a><\/div>\n","protected":false},"excerpt":{"rendered":"<p>8. Tagung der Plattform Qualit\u00e4tsmedizin Schweiz F\u00fcr Qualit\u00e4t mehr bezahlen? &#8211;&nbsp;Ist ein teures Gesundheitswesen immer besser? Donnerstag, 23. Mai 2019Szenario Kursaal Bern Programm und Details<\/p>\n","protected":false},"author":5,"featured_media":0,"parent":0,"menu_order":0,"comment_status":"closed","ping_status":"closed","template":"","meta":[],"_links":{"self":[{"href":"https:\/\/medizincontroller.ch\/index.php?rest_route=\/wp\/v2\/pages\/1079"}],"collection":[{"href":"https:\/\/medizincontroller.ch\/index.php?rest_route=\/wp\/v2\/pages"}],"about":[{"href":"https:\/\/medizincontroller.ch\/index.php?rest_route=\/wp\/v2\/types\/page"}],"author":[{"embeddable":true,"href":"https:\/\/medizincontroller.ch\/index.php?rest_route=\/wp\/v2\/users\/5"}],"replies":[{"embeddable":true,"href":"https:\/\/medizincontroller.ch\/index.php?rest_route=%2Fwp%2Fv2%2Fcomments&post=1079"}],"version-history":[{"count":3,"href":"https:\/\/medizincontroller.ch\/index.php?rest_route=\/wp\/v2\/pages\/1079\/revisions"}],"predecessor-version":[{"id":1311,"href":"https:\/\/medizincontroller.ch\/index.php?rest_route=\/wp\/v2\/pages\/1079\/revisions\/1311"}],"wp:attachment":[{"href":"https:\/\/medizincontroller.ch\/index.php?rest_route=%2Fwp%2Fv2%2Fmedia&parent=1079"}],"curies":[{"name":"wp","href":"https:\/\/api.w.org\/{rel}","templated":true}]}}